{"id":1187,"date":"2016-07-20T11:05:30","date_gmt":"2016-07-20T09:05:30","guid":{"rendered":"http:\/\/www.teske-schwiede.de\/?page_id=1187"},"modified":"2017-01-04T12:25:04","modified_gmt":"2017-01-04T10:25:04","slug":"rote-kaserne","status":"publish","type":"page","link":"http:\/\/www.teske-schwiede.de\/?page_id=1187","title":{"rendered":"Rote Kaserne"},"content":{"rendered":"<p><strong>Rote Kaserne<\/strong>, <strong>14469\u00a0Potsdam, <\/strong>Ausgef\u00fchrt: 2012<br \/>\nUmnutzung und Modernisierung eines ehemaligen, denkmalgesch\u00fctzten<br \/>\nKasernengeb\u00e4udes zu hochwertigen Eigentumswohnungen<br \/>\nLeistung: \u00f6rtliche Bauleitung<\/p>\n<p>F\u00fcr weitergehende Informationen klicken Sie bitte <a href=\"http:\/\/www.teske-schwiede.de\/?page_id=1142\"><span style=\"text-decoration: underline;\">hier<\/span><\/a><\/p>\n<!-- index.php -->\n<div\n\tclass=\"ngg-galleryoverview ngg-ajax-pagination-none\"\n\tid=\"ngg-gallery-b685beabd4fe66fbb32d85391e9e2d99-1\">\n\n    \t<div class=\"slideshowlink\">\n        <a href='http:\/\/www.teske-schwiede.de\/index.php\/nggallery\/slideshow?page_id=1187'>[Zeige eine Slideshow]<\/a>\n\t\t\n\t<\/div>\n\t\t\t<!-- Thumbnails -->\n\t\t\t\t<div id=\"ngg-image-0\" class=\"ngg-gallery-thumbnail-box\" >\n\t\t\t\t        <div class=\"ngg-gallery-thumbnail\">\n            <a href=\"http:\/\/www.teske-schwiede.de\/wp-content\/gallery\/rote-kaserne-1\/Fassade_front.jpg\"\n               title=\"Ansicht Hauptfassade\"\n               data-src=\"http:\/\/www.teske-schwiede.de\/wp-content\/gallery\/rote-kaserne-1\/Fassade_front.jpg\"\n               data-thumbnail=\"http:\/\/www.teske-schwiede.de\/wp-content\/gallery\/rote-kaserne-1\/thumbs\/thumbs_Fassade_front.jpg\"\n               data-image-id=\"215\"\n               data-title=\"Fassade_front\"\n               data-description=\"Ansicht Hauptfassade\"\n               data-image-slug=\"fassade_front-1\"\n               class=\"ngg-fancybox\" rel=\"b685beabd4fe66fbb32d85391e9e2d99\">\n                <img\n                    title=\"Fassade_front\"\n                    alt=\"Fassade_front\"\n                    src=\"http:\/\/www.teske-schwiede.de\/wp-content\/gallery\/rote-kaserne-1\/thumbs\/thumbs_Fassade_front.jpg\"\n                    width=\"120\"\n                    height=\"90\"\n                    style=\"max-width:100%;\"\n                \/>\n            <\/a>\n        <\/div>\n\t\t\t\t\t\t\t<\/div> \n\t\t\t\n        \n\t\t\t\t<div id=\"ngg-image-1\" class=\"ngg-gallery-thumbnail-box\" >\n\t\t\t\t        <div class=\"ngg-gallery-thumbnail\">\n            <a href=\"http:\/\/www.teske-schwiede.de\/wp-content\/gallery\/rote-kaserne-1\/Hofseite-_fassade.jpg\"\n               title=\"Ansicht Hoffassade\"\n               data-src=\"http:\/\/www.teske-schwiede.de\/wp-content\/gallery\/rote-kaserne-1\/Hofseite-_fassade.jpg\"\n               data-thumbnail=\"http:\/\/www.teske-schwiede.de\/wp-content\/gallery\/rote-kaserne-1\/thumbs\/thumbs_Hofseite-_fassade.jpg\"\n               data-image-id=\"216\"\n               data-title=\"Hofseite _fassade\"\n               data-description=\"Ansicht Hoffassade\"\n               data-image-slug=\"hofseite-_fassade-1\"\n               class=\"ngg-fancybox\" rel=\"b685beabd4fe66fbb32d85391e9e2d99\">\n                <img\n                    title=\"Hofseite _fassade\"\n                    alt=\"Hofseite _fassade\"\n                    src=\"http:\/\/www.teske-schwiede.de\/wp-content\/gallery\/rote-kaserne-1\/thumbs\/thumbs_Hofseite-_fassade.jpg\"\n                    width=\"120\"\n                    height=\"90\"\n                    style=\"max-width:100%;\"\n                \/>\n            <\/a>\n        <\/div>\n\t\t\t\t\t\t\t<\/div> \n\t\t\t\n        \n\t\t\t\t<div id=\"ngg-image-2\" class=\"ngg-gallery-thumbnail-box\" >\n\t\t\t\t        <div class=\"ngg-gallery-thumbnail\">\n            <a href=\"http:\/\/www.teske-schwiede.de\/wp-content\/gallery\/rote-kaserne-1\/Stuck_dach.jpg\"\n               title=\"Ansicht Frontspie\u00df Hauptfassade\"\n               data-src=\"http:\/\/www.teske-schwiede.de\/wp-content\/gallery\/rote-kaserne-1\/Stuck_dach.jpg\"\n               data-thumbnail=\"http:\/\/www.teske-schwiede.de\/wp-content\/gallery\/rote-kaserne-1\/thumbs\/thumbs_Stuck_dach.jpg\"\n               data-image-id=\"217\"\n               data-title=\"Stuck_dach\"\n               data-description=\"Ansicht Frontspie\u00df Hauptfassade\"\n               data-image-slug=\"stuck_dach-1\"\n               class=\"ngg-fancybox\" rel=\"b685beabd4fe66fbb32d85391e9e2d99\">\n                <img\n                    title=\"Stuck_dach\"\n                    alt=\"Stuck_dach\"\n                    src=\"http:\/\/www.teske-schwiede.de\/wp-content\/gallery\/rote-kaserne-1\/thumbs\/thumbs_Stuck_dach.jpg\"\n                    width=\"120\"\n                    height=\"90\"\n                    style=\"max-width:100%;\"\n                \/>\n            <\/a>\n        <\/div>\n\t\t\t\t\t\t\t<\/div> \n\t\t\t\n        \n\t\t\n\t\t<!-- Pagination -->\n\t<div class='ngg-clear'><\/div>\t<\/div>\n\n","protected":false},"excerpt":{"rendered":"<p>Rote Kaserne, 14469\u00a0Potsdam, Ausgef\u00fchrt: 2012 Umnutzung und Modernisierung eines ehemaligen, denkmalgesch\u00fctzten Kasernengeb\u00e4udes zu hochwertigen Eigentumswohnungen Leistung: \u00f6rtliche Bauleitung F\u00fcr weitergehende Informationen klicken Sie bitte hier<\/p>\n","protected":false},"author":1,"featured_media":0,"parent":87,"menu_order":0,"comment_status":"closed","ping_status":"closed","template":"","meta":{"ngg_post_thumbnail":0},"_links":{"self":[{"href":"http:\/\/www.teske-schwiede.de\/index.php?rest_route=\/wp\/v2\/pages\/1187"}],"collection":[{"href":"http:\/\/www.teske-schwiede.de\/index.php?rest_route=\/wp\/v2\/pages"}],"about":[{"href":"http:\/\/www.teske-schwiede.de\/index.php?rest_route=\/wp\/v2\/types\/page"}],"author":[{"embeddable":true,"href":"http:\/\/www.teske-schwiede.de\/index.php?rest_route=\/wp\/v2\/users\/1"}],"replies":[{"embeddable":true,"href":"http:\/\/www.teske-schwiede.de\/index.php?rest_route=%2Fwp%2Fv2%2Fcomments&post=1187"}],"version-history":[{"count":5,"href":"http:\/\/www.teske-schwiede.de\/index.php?rest_route=\/wp\/v2\/pages\/1187\/revisions"}],"predecessor-version":[{"id":2266,"href":"http:\/\/www.teske-schwiede.de\/index.php?rest_route=\/wp\/v2\/pages\/1187\/revisions\/2266"}],"up":[{"embeddable":true,"href":"http:\/\/www.teske-schwiede.de\/index.php?rest_route=\/wp\/v2\/pages\/87"}],"wp:attachment":[{"href":"http:\/\/www.teske-schwiede.de\/index.php?rest_route=%2Fwp%2Fv2%2Fmedia&parent=1187"}],"curies":[{"name":"wp","href":"https:\/\/api.w.org\/{rel}","templated":true}]}}