{"id":34,"date":"2014-08-28T21:08:29","date_gmt":"2014-08-28T19:08:29","guid":{"rendered":"http:\/\/www.teske-schwiede.de\/?page_id=34"},"modified":"2025-11-10T12:39:07","modified_gmt":"2025-11-10T10:39:07","slug":"bauleitung","status":"publish","type":"page","link":"http:\/\/www.teske-schwiede.de\/?page_id=34","title":{"rendered":"Erstellung von Gutachten und Beratungsleistungen"},"content":{"rendered":"<p>Wir erstellen Gutachten und beraten Sie in den Bereichen<\/p>\n<p>&nbsp;<\/p>\n<ul>\n<li>Sch\u00e4den an Geb\u00e4uden, Ansprechpartner: Herr Sven Teske<\/li>\n<li>Geb\u00e4ude- und Immobilienbewertungen, Ansprechpartner: Herr Schwiede<\/li>\n<li>Energetische Nachweise und energetische Konzeptionen, Ansprechpartner: Herr Haimberger<br \/>Derzeit k\u00f6nnen wir bis Mitte 2026 keine separaten KFW F\u00f6rderantr\u00e4ge bearbeiten.<\/li>\n<li>Budgetierung und Baukostenentwicklung, Ansprechpartner: Herr Sven Teske<\/li>\n<\/ul>\n\n\n<p><\/p>\n","protected":false},"excerpt":{"rendered":"<p>Wir erstellen Gutachten und beraten Sie in den Bereichen &nbsp; Sch\u00e4den an Geb\u00e4uden, Ansprechpartner: Herr Sven Teske Geb\u00e4ude- und Immobilienbewertungen, Ansprechpartner: Herr Schwiede Energetische Nachweise und energetische Konzeptionen, Ansprechpartner: Herr HaimbergerDerzeit k\u00f6nnen wir bis Mitte 2026 keine separaten KFW F\u00f6rderantr\u00e4ge bearbeiten. Budgetierung und Baukostenentwicklung, Ansprechpartner: Herr Sven Teske<\/p>\n","protected":false},"author":1,"featured_media":0,"parent":0,"menu_order":0,"comment_status":"closed","ping_status":"open","template":"","meta":{"ngg_post_thumbnail":0},"_links":{"self":[{"href":"http:\/\/www.teske-schwiede.de\/index.php?rest_route=\/wp\/v2\/pages\/34"}],"collection":[{"href":"http:\/\/www.teske-schwiede.de\/index.php?rest_route=\/wp\/v2\/pages"}],"about":[{"href":"http:\/\/www.teske-schwiede.de\/index.php?rest_route=\/wp\/v2\/types\/page"}],"author":[{"embeddable":true,"href":"http:\/\/www.teske-schwiede.de\/index.php?rest_route=\/wp\/v2\/users\/1"}],"replies":[{"embeddable":true,"href":"http:\/\/www.teske-schwiede.de\/index.php?rest_route=%2Fwp%2Fv2%2Fcomments&post=34"}],"version-history":[{"count":8,"href":"http:\/\/www.teske-schwiede.de\/index.php?rest_route=\/wp\/v2\/pages\/34\/revisions"}],"predecessor-version":[{"id":3275,"href":"http:\/\/www.teske-schwiede.de\/index.php?rest_route=\/wp\/v2\/pages\/34\/revisions\/3275"}],"wp:attachment":[{"href":"http:\/\/www.teske-schwiede.de\/index.php?rest_route=%2Fwp%2Fv2%2Fmedia&parent=34"}],"curies":[{"name":"wp","href":"https:\/\/api.w.org\/{rel}","templated":true}]}}