{"id":1934,"date":"2016-11-07T14:52:16","date_gmt":"2016-11-07T12:52:16","guid":{"rendered":"http:\/\/www.teske-schwiede.de\/?page_id=1934"},"modified":"2017-01-04T11:55:23","modified_gmt":"2017-01-04T09:55:23","slug":"herrenhaus-muenchehofe","status":"publish","type":"page","link":"https:\/\/www.teske-schwiede.de\/?page_id=1934","title":{"rendered":"Herrenhaus M\u00fcnchehofe"},"content":{"rendered":"<p><b>Herrenhaus M\u00fcnchehofe in 15748 M\u00fcnchehofe\/ Brandenburg<\/b>, Ausgef\u00fchrt: derzeit in Bearbeitung<br \/>\nSanierungsplanungen, Vorplanungen f\u00fcr F\u00f6rdermittelantr\u00e4ge, Notsicherung zur Substanzerhaltung<\/p>\n<p>F\u00fcr weitergehende Informationen klicken Sie bitte <a href=\"http:\/\/www.teske-schwiede.de\/?page_id=1802\"><span style=\"text-decoration: underline;\">hier<\/span><\/a><\/p>\n<!-- index.php -->\n<div\n\tclass=\"ngg-galleryoverview ngg-ajax-pagination-none\"\n\tid=\"ngg-gallery-559e87f5449106953f09a5abef6dc427-1\">\n\n    \t<div class=\"slideshowlink\">\n        <a href='https:\/\/www.teske-schwiede.de\/index.php\/nggallery\/slideshow?page_id=1934'>[Zeige eine Slideshow]<\/a>\n\t\t\n\t<\/div>\n\t\t\t<!-- Thumbnails -->\n\t\t\t\t<div id=\"ngg-image-0\" class=\"ngg-gallery-thumbnail-box\" >\n\t\t\t\t        <div class=\"ngg-gallery-thumbnail\">\n            <a href=\"https:\/\/www.teske-schwiede.de\/wp-content\/gallery\/herrenhaus-muenchehofe\/Achse-1_OG.jpg\"\n               title=\"Blick auf Achse 1.OG\"\n               data-src=\"https:\/\/www.teske-schwiede.de\/wp-content\/gallery\/herrenhaus-muenchehofe\/Achse-1_OG.jpg\"\n               data-thumbnail=\"https:\/\/www.teske-schwiede.de\/wp-content\/gallery\/herrenhaus-muenchehofe\/thumbs\/thumbs_Achse-1_OG.jpg\"\n               data-image-id=\"373\"\n               data-title=\"Achse-1_OG\"\n               data-description=\"Blick auf Achse 1.OG\"\n               data-image-slug=\"achse-1_og-1\"\n               class=\"ngg-fancybox\" rel=\"559e87f5449106953f09a5abef6dc427\">\n                <img\n                    title=\"Achse-1_OG\"\n                    alt=\"Achse-1_OG\"\n                    src=\"https:\/\/www.teske-schwiede.de\/wp-content\/gallery\/herrenhaus-muenchehofe\/thumbs\/thumbs_Achse-1_OG.jpg\"\n                    width=\"120\"\n                    height=\"90\"\n                    style=\"max-width:100%;\"\n                \/>\n            <\/a>\n        <\/div>\n\t\t\t\t\t\t\t<\/div> \n\t\t\t\n        \n\t\t\t\t<div id=\"ngg-image-1\" class=\"ngg-gallery-thumbnail-box\" >\n\t\t\t\t        <div class=\"ngg-gallery-thumbnail\">\n            <a href=\"https:\/\/www.teske-schwiede.de\/wp-content\/gallery\/herrenhaus-muenchehofe\/Achse_EG.jpg\"\n               title=\"Blick auf Achse EG\"\n               data-src=\"https:\/\/www.teske-schwiede.de\/wp-content\/gallery\/herrenhaus-muenchehofe\/Achse_EG.jpg\"\n               data-thumbnail=\"https:\/\/www.teske-schwiede.de\/wp-content\/gallery\/herrenhaus-muenchehofe\/thumbs\/thumbs_Achse_EG.jpg\"\n               data-image-id=\"374\"\n               data-title=\"Achse_EG\"\n               data-description=\"Blick auf Achse EG\"\n               data-image-slug=\"achse_eg-1\"\n               class=\"ngg-fancybox\" rel=\"559e87f5449106953f09a5abef6dc427\">\n                <img\n                    title=\"Achse_EG\"\n                    alt=\"Achse_EG\"\n                    src=\"https:\/\/www.teske-schwiede.de\/wp-content\/gallery\/herrenhaus-muenchehofe\/thumbs\/thumbs_Achse_EG.jpg\"\n                    width=\"120\"\n                    height=\"90\"\n                    style=\"max-width:100%;\"\n                \/>\n            <\/a>\n        <\/div>\n\t\t\t\t\t\t\t<\/div> \n\t\t\t\n        \n\t\t\t\t<div id=\"ngg-image-2\" class=\"ngg-gallery-thumbnail-box\" >\n\t\t\t\t        <div class=\"ngg-gallery-thumbnail\">\n            <a href=\"https:\/\/www.teske-schwiede.de\/wp-content\/gallery\/herrenhaus-muenchehofe\/Ansicht-nach-Ma%C3%9Fnahme.jpg\"\n               title=\"Ansicht nach Ma\u00dfnahme\"\n               data-src=\"https:\/\/www.teske-schwiede.de\/wp-content\/gallery\/herrenhaus-muenchehofe\/Ansicht-nach-Ma%C3%9Fnahme.jpg\"\n               data-thumbnail=\"https:\/\/www.teske-schwiede.de\/wp-content\/gallery\/herrenhaus-muenchehofe\/thumbs\/thumbs_Ansicht-nach-Ma%C3%9Fnahme.jpg\"\n               data-image-id=\"375\"\n               data-title=\"Ansicht nach Ma\u00dfnahme\"\n               data-description=\"Ansicht nach Ma\u00dfnahme\"\n               data-image-slug=\"ansicht-nach-ma%c3%9fnahme-1\"\n               class=\"ngg-fancybox\" rel=\"559e87f5449106953f09a5abef6dc427\">\n                <img\n                    title=\"Ansicht nach Ma\u00dfnahme\"\n                    alt=\"Ansicht nach Ma\u00dfnahme\"\n                    src=\"https:\/\/www.teske-schwiede.de\/wp-content\/gallery\/herrenhaus-muenchehofe\/thumbs\/thumbs_Ansicht-nach-Ma%C3%9Fnahme.jpg\"\n                    width=\"120\"\n                    height=\"90\"\n                    style=\"max-width:100%;\"\n                \/>\n            <\/a>\n        <\/div>\n\t\t\t\t\t\t\t<\/div> \n\t\t\t\n        \n\t\t\t\t<div id=\"ngg-image-3\" class=\"ngg-gallery-thumbnail-box\" >\n\t\t\t\t        <div class=\"ngg-gallery-thumbnail\">\n            <a href=\"https:\/\/www.teske-schwiede.de\/wp-content\/gallery\/herrenhaus-muenchehofe\/Blick_auf_Aufgang.jpg\"\n               title=\"Blick auf Aufgang zum Obergeschoss\"\n               data-src=\"https:\/\/www.teske-schwiede.de\/wp-content\/gallery\/herrenhaus-muenchehofe\/Blick_auf_Aufgang.jpg\"\n               data-thumbnail=\"https:\/\/www.teske-schwiede.de\/wp-content\/gallery\/herrenhaus-muenchehofe\/thumbs\/thumbs_Blick_auf_Aufgang.jpg\"\n               data-image-id=\"376\"\n               data-title=\"Blick_auf_Aufgang\"\n               data-description=\"Blick auf Aufgang zum Obergeschoss\"\n               data-image-slug=\"blick_auf_aufgang-1\"\n               class=\"ngg-fancybox\" rel=\"559e87f5449106953f09a5abef6dc427\">\n                <img\n                    title=\"Blick_auf_Aufgang\"\n                    alt=\"Blick_auf_Aufgang\"\n                    src=\"https:\/\/www.teske-schwiede.de\/wp-content\/gallery\/herrenhaus-muenchehofe\/thumbs\/thumbs_Blick_auf_Aufgang.jpg\"\n                    width=\"120\"\n                    height=\"90\"\n                    style=\"max-width:100%;\"\n                \/>\n            <\/a>\n        <\/div>\n\t\t\t\t\t\t\t<\/div> \n\t\t\t\n        \n\t\t\t\t<div id=\"ngg-image-4\" class=\"ngg-gallery-thumbnail-box\" >\n\t\t\t\t        <div class=\"ngg-gallery-thumbnail\">\n            <a href=\"https:\/\/www.teske-schwiede.de\/wp-content\/gallery\/herrenhaus-muenchehofe\/detail_Kamin_bad.jpg\"\n               title=\"Blick auf Kamin im ehemaligen Bad\"\n               data-src=\"https:\/\/www.teske-schwiede.de\/wp-content\/gallery\/herrenhaus-muenchehofe\/detail_Kamin_bad.jpg\"\n               data-thumbnail=\"https:\/\/www.teske-schwiede.de\/wp-content\/gallery\/herrenhaus-muenchehofe\/thumbs\/thumbs_detail_Kamin_bad.jpg\"\n               data-image-id=\"377\"\n               data-title=\"OLYMPUS DIGITAL CAMERA\"\n               data-description=\"Blick auf Kamin im ehemaligen Bad\"\n               data-image-slug=\"detail_kamin_bad-1\"\n               class=\"ngg-fancybox\" rel=\"559e87f5449106953f09a5abef6dc427\">\n                <img\n                    title=\"OLYMPUS DIGITAL CAMERA\"\n                    alt=\"OLYMPUS DIGITAL CAMERA\"\n                    src=\"https:\/\/www.teske-schwiede.de\/wp-content\/gallery\/herrenhaus-muenchehofe\/thumbs\/thumbs_detail_Kamin_bad.jpg\"\n                    width=\"120\"\n                    height=\"90\"\n                    style=\"max-width:100%;\"\n                \/>\n            <\/a>\n        <\/div>\n\t\t\t\t\t\t\t<\/div> \n\t\t\t\n        \n\t\t\t\t<div id=\"ngg-image-5\" class=\"ngg-gallery-thumbnail-box\" >\n\t\t\t\t        <div class=\"ngg-gallery-thumbnail\">\n            <a href=\"https:\/\/www.teske-schwiede.de\/wp-content\/gallery\/herrenhaus-muenchehofe\/Detail_Kapitell.jpg\"\n               title=\"Detail Kapitell in der Kapelle\"\n               data-src=\"https:\/\/www.teske-schwiede.de\/wp-content\/gallery\/herrenhaus-muenchehofe\/Detail_Kapitell.jpg\"\n               data-thumbnail=\"https:\/\/www.teske-schwiede.de\/wp-content\/gallery\/herrenhaus-muenchehofe\/thumbs\/thumbs_Detail_Kapitell.jpg\"\n               data-image-id=\"378\"\n               data-title=\"Detail_Kapitell\"\n               data-description=\"Detail Kapitell in der Kapelle\"\n               data-image-slug=\"detail_kapitell-1\"\n               class=\"ngg-fancybox\" rel=\"559e87f5449106953f09a5abef6dc427\">\n                <img\n                    title=\"Detail_Kapitell\"\n                    alt=\"Detail_Kapitell\"\n                    src=\"https:\/\/www.teske-schwiede.de\/wp-content\/gallery\/herrenhaus-muenchehofe\/thumbs\/thumbs_Detail_Kapitell.jpg\"\n                    width=\"120\"\n                    height=\"90\"\n                    style=\"max-width:100%;\"\n                \/>\n            <\/a>\n        <\/div>\n\t\t\t\t\t\t\t<\/div> \n\t\t\t\n        \n\t\t\t\t<div id=\"ngg-image-6\" class=\"ngg-gallery-thumbnail-box\" >\n\t\t\t\t        <div class=\"ngg-gallery-thumbnail\">\n            <a href=\"https:\/\/www.teske-schwiede.de\/wp-content\/gallery\/herrenhaus-muenchehofe\/herrenhaus_05.jpg\"\n               title=\"S\u00fcdfassade vor Ma\u00dfnahme\"\n               data-src=\"https:\/\/www.teske-schwiede.de\/wp-content\/gallery\/herrenhaus-muenchehofe\/herrenhaus_05.jpg\"\n               data-thumbnail=\"https:\/\/www.teske-schwiede.de\/wp-content\/gallery\/herrenhaus-muenchehofe\/thumbs\/thumbs_herrenhaus_05.jpg\"\n               data-image-id=\"379\"\n               data-title=\"herrenhaus_05\"\n               data-description=\"S\u00fcdfassade vor Ma\u00dfnahme\"\n               data-image-slug=\"herrenhaus_05-2\"\n               class=\"ngg-fancybox\" rel=\"559e87f5449106953f09a5abef6dc427\">\n                <img\n                    title=\"herrenhaus_05\"\n                    alt=\"herrenhaus_05\"\n                    src=\"https:\/\/www.teske-schwiede.de\/wp-content\/gallery\/herrenhaus-muenchehofe\/thumbs\/thumbs_herrenhaus_05.jpg\"\n                    width=\"120\"\n                    height=\"90\"\n                    style=\"max-width:100%;\"\n                \/>\n            <\/a>\n        <\/div>\n\t\t\t\t\t\t\t<\/div> \n\t\t\t\n        \n\t\t\t\t<div id=\"ngg-image-7\" class=\"ngg-gallery-thumbnail-box\" >\n\t\t\t\t        <div class=\"ngg-gallery-thumbnail\">\n            <a href=\"https:\/\/www.teske-schwiede.de\/wp-content\/gallery\/herrenhaus-muenchehofe\/Schornstein-west.jpg\"\n               title=\"Schornstein-west\"\n               data-src=\"https:\/\/www.teske-schwiede.de\/wp-content\/gallery\/herrenhaus-muenchehofe\/Schornstein-west.jpg\"\n               data-thumbnail=\"https:\/\/www.teske-schwiede.de\/wp-content\/gallery\/herrenhaus-muenchehofe\/thumbs\/thumbs_Schornstein-west.jpg\"\n               data-image-id=\"382\"\n               data-title=\"Schornstein-west\"\n               data-description=\"Schornstein-west\"\n               data-image-slug=\"schornstein-west-2\"\n               class=\"ngg-fancybox\" rel=\"559e87f5449106953f09a5abef6dc427\">\n                <img\n                    title=\"Schornstein-west\"\n                    alt=\"Schornstein-west\"\n                    src=\"https:\/\/www.teske-schwiede.de\/wp-content\/gallery\/herrenhaus-muenchehofe\/thumbs\/thumbs_Schornstein-west.jpg\"\n                    width=\"120\"\n                    height=\"90\"\n                    style=\"max-width:100%;\"\n                \/>\n            <\/a>\n        <\/div>\n\t\t\t\t\t\t\t<\/div> \n\t\t\t\n        \n\t\t\t\t<div id=\"ngg-image-8\" class=\"ngg-gallery-thumbnail-box\" >\n\t\t\t\t        <div class=\"ngg-gallery-thumbnail\">\n            <a href=\"https:\/\/www.teske-schwiede.de\/wp-content\/gallery\/herrenhaus-muenchehofe\/Kreuzrippengew%C3%B6lbe.jpg\"\n               title=\"Blick auf Kreuzrippengew\u00f6lbe in der Kapelle\"\n               data-src=\"https:\/\/www.teske-schwiede.de\/wp-content\/gallery\/herrenhaus-muenchehofe\/Kreuzrippengew%C3%B6lbe.jpg\"\n               data-thumbnail=\"https:\/\/www.teske-schwiede.de\/wp-content\/gallery\/herrenhaus-muenchehofe\/thumbs\/thumbs_Kreuzrippengew%C3%B6lbe.jpg\"\n               data-image-id=\"380\"\n               data-title=\"Kreuzrippengew\u00f6lbe\"\n               data-description=\"Blick auf Kreuzrippengew\u00f6lbe in der Kapelle\"\n               data-image-slug=\"kreuzrippengew%c3%b6lbe-1\"\n               class=\"ngg-fancybox\" rel=\"559e87f5449106953f09a5abef6dc427\">\n                <img\n                    title=\"Kreuzrippengew\u00f6lbe\"\n                    alt=\"Kreuzrippengew\u00f6lbe\"\n                    src=\"https:\/\/www.teske-schwiede.de\/wp-content\/gallery\/herrenhaus-muenchehofe\/thumbs\/thumbs_Kreuzrippengew%C3%B6lbe.jpg\"\n                    width=\"120\"\n                    height=\"90\"\n                    style=\"max-width:100%;\"\n                \/>\n            <\/a>\n        <\/div>\n\t\t\t\t\t\t\t<\/div> \n\t\t\t\n        \n\t\t\t\t<div id=\"ngg-image-9\" class=\"ngg-gallery-thumbnail-box\" >\n\t\t\t\t        <div class=\"ngg-gallery-thumbnail\">\n            <a href=\"https:\/\/www.teske-schwiede.de\/wp-content\/gallery\/herrenhaus-muenchehofe\/Schornsteine-neu.jpg\"\n               title=\"Schornsteine-neu\"\n               data-src=\"https:\/\/www.teske-schwiede.de\/wp-content\/gallery\/herrenhaus-muenchehofe\/Schornsteine-neu.jpg\"\n               data-thumbnail=\"https:\/\/www.teske-schwiede.de\/wp-content\/gallery\/herrenhaus-muenchehofe\/thumbs\/thumbs_Schornsteine-neu.jpg\"\n               data-image-id=\"381\"\n               data-title=\"Schornsteine-neu\"\n               data-description=\"Schornsteine-neu\"\n               data-image-slug=\"schornsteine-neu-2\"\n               class=\"ngg-fancybox\" rel=\"559e87f5449106953f09a5abef6dc427\">\n                <img\n                    title=\"Schornsteine-neu\"\n                    alt=\"Schornsteine-neu\"\n                    src=\"https:\/\/www.teske-schwiede.de\/wp-content\/gallery\/herrenhaus-muenchehofe\/thumbs\/thumbs_Schornsteine-neu.jpg\"\n                    width=\"120\"\n                    height=\"90\"\n                    style=\"max-width:100%;\"\n                \/>\n            <\/a>\n        <\/div>\n\t\t\t\t\t\t\t<\/div> \n\t\t\t\n        \n\t\t\n\t\t<!-- Pagination -->\n\t<div class='ngg-clear'><\/div>\t<\/div>\n\n","protected":false},"excerpt":{"rendered":"<p>Herrenhaus M\u00fcnchehofe in 15748 M\u00fcnchehofe\/ Brandenburg, Ausgef\u00fchrt: derzeit in Bearbeitung Sanierungsplanungen, Vorplanungen f\u00fcr F\u00f6rdermittelantr\u00e4ge, Notsicherung zur Substanzerhaltung F\u00fcr weitergehende Informationen klicken Sie bitte hier<\/p>\n","protected":false},"author":1,"featured_media":0,"parent":44,"menu_order":0,"comment_status":"closed","ping_status":"closed","template":"","meta":{"ngg_post_thumbnail":0},"_links":{"self":[{"href":"https:\/\/www.teske-schwiede.de\/index.php?rest_route=\/wp\/v2\/pages\/1934"}],"collection":[{"href":"https:\/\/www.teske-schwiede.de\/index.php?rest_route=\/wp\/v2\/pages"}],"about":[{"href":"https:\/\/www.teske-schwiede.de\/index.php?rest_route=\/wp\/v2\/types\/page"}],"author":[{"embeddable":true,"href":"https:\/\/www.teske-schwiede.de\/index.php?rest_route=\/wp\/v2\/users\/1"}],"replies":[{"embeddable":true,"href":"https:\/\/www.teske-schwiede.de\/index.php?rest_route=%2Fwp%2Fv2%2Fcomments&post=1934"}],"version-history":[{"count":2,"href":"https:\/\/www.teske-schwiede.de\/index.php?rest_route=\/wp\/v2\/pages\/1934\/revisions"}],"predecessor-version":[{"id":2259,"href":"https:\/\/www.teske-schwiede.de\/index.php?rest_route=\/wp\/v2\/pages\/1934\/revisions\/2259"}],"up":[{"embeddable":true,"href":"https:\/\/www.teske-schwiede.de\/index.php?rest_route=\/wp\/v2\/pages\/44"}],"wp:attachment":[{"href":"https:\/\/www.teske-schwiede.de\/index.php?rest_route=%2Fwp%2Fv2%2Fmedia&parent=1934"}],"curies":[{"name":"wp","href":"https:\/\/api.w.org\/{rel}","templated":true}]}}