{"id":26,"date":"2014-08-28T21:07:02","date_gmt":"2014-08-28T19:07:02","guid":{"rendered":"http:\/\/www.teske-schwiede.de\/?page_id=26"},"modified":"2018-01-24T14:51:53","modified_gmt":"2018-01-24T12:51:53","slug":"team","status":"publish","type":"page","link":"https:\/\/www.teske-schwiede.de\/?page_id=26","title":{"rendered":"Team"},"content":{"rendered":"<!-- index.php -->\n<div\n\tclass=\"ngg-galleryoverview ngg-ajax-pagination-none\"\n\tid=\"ngg-gallery-b3b3cd4ac5b9dece1e54749f0385afeb-1\">\n\n    \t\t<!-- Thumbnails -->\n\t\t\t\t<div id=\"ngg-image-0\" class=\"ngg-gallery-thumbnail-box\" >\n\t\t\t\t        <div class=\"ngg-gallery-thumbnail\">\n            <a href=\"https:\/\/www.teske-schwiede.de\/wp-content\/gallery\/team\/Sven-1.jpg\"\n               title=\"Dipl.- Ing. Architekt Sven Teske, Gesch\u00e4ftsf\u00fchrer, Ausbildung zum Zimmermann, Studium der Architektur (FH), Sachverst\u00e4ndiger f\u00fcr Sch\u00e4den an Geb\u00e4uden\"\n               data-src=\"https:\/\/www.teske-schwiede.de\/wp-content\/gallery\/team\/Sven-1.jpg\"\n               data-thumbnail=\"https:\/\/www.teske-schwiede.de\/wp-content\/gallery\/team\/thumbs\/thumbs_Sven-1.jpg\"\n               data-image-id=\"125\"\n               data-title=\"Sven Teske\"\n               data-description=\"Dipl.- Ing. Architekt Sven Teske, Gesch\u00e4ftsf\u00fchrer, Ausbildung zum Zimmermann, Studium der Architektur (FH), Sachverst\u00e4ndiger f\u00fcr Sch\u00e4den an Geb\u00e4uden\"\n               data-image-slug=\"sven-1\"\n               class=\"ngg-fancybox\" rel=\"b3b3cd4ac5b9dece1e54749f0385afeb\">\n                <img\n                    title=\"Sven Teske\"\n                    alt=\"Sven Teske\"\n                    src=\"https:\/\/www.teske-schwiede.de\/wp-content\/gallery\/team\/thumbs\/thumbs_Sven-1.jpg\"\n                    width=\"120\"\n                    height=\"90\"\n                    style=\"max-width:100%;\"\n                \/>\n            <\/a>\n        <\/div>\n\t\t\t\t\t\t\t<\/div> \n\t\t\t\n        \n\t\t\t\t<div id=\"ngg-image-1\" class=\"ngg-gallery-thumbnail-box\" >\n\t\t\t\t        <div class=\"ngg-gallery-thumbnail\">\n            <a href=\"https:\/\/www.teske-schwiede.de\/wp-content\/gallery\/team\/Frank_3.jpg\"\n               title=\"Dipl.- Dipl.- Ing. Architekt Frank Schwiede, Studium der Architektur (FH) + der Stadt- und Regionalplanung (TU), Sachverst\u00e4ndiger f\u00fcr Immobilien- und Grundst\u00fccksbewertungen, Sicherheits- und Gesundheitsschutz Koordinator (SiGeKo nach RAB 30, Anlagen B+C, Berlin)\"\n               data-src=\"https:\/\/www.teske-schwiede.de\/wp-content\/gallery\/team\/Frank_3.jpg\"\n               data-thumbnail=\"https:\/\/www.teske-schwiede.de\/wp-content\/gallery\/team\/thumbs\/thumbs_Frank_3.jpg\"\n               data-image-id=\"569\"\n               data-title=\"Frank Schwiede\"\n               data-description=\"Dipl.- Dipl.- Ing. Architekt Frank Schwiede, Studium der Architektur (FH) + der Stadt- und Regionalplanung (TU), Sachverst\u00e4ndiger f\u00fcr Immobilien- und Grundst\u00fccksbewertungen, Sicherheits- und Gesundheitsschutz Koordinator (SiGeKo nach RAB 30, Anlagen B+C, Berlin)\"\n               data-image-slug=\"frank_3\"\n               class=\"ngg-fancybox\" rel=\"b3b3cd4ac5b9dece1e54749f0385afeb\">\n                <img\n                    title=\"Frank Schwiede\"\n                    alt=\"Frank Schwiede\"\n                    src=\"https:\/\/www.teske-schwiede.de\/wp-content\/gallery\/team\/thumbs\/thumbs_Frank_3.jpg\"\n                    width=\"120\"\n                    height=\"90\"\n                    style=\"max-width:100%;\"\n                \/>\n            <\/a>\n        <\/div>\n\t\t\t\t\t\t\t<\/div> \n\t\t\t\n        \n\t\t\t\t<div id=\"ngg-image-2\" class=\"ngg-gallery-thumbnail-box\" >\n\t\t\t\t        <div class=\"ngg-gallery-thumbnail\">\n            <a href=\"https:\/\/www.teske-schwiede.de\/wp-content\/gallery\/team\/Joerg_klein.jpg\"\n               title=\"Dipl.- Ing. (TH) J\u00f6rg Sawatzki, B\u00fcroleiter, Studium des Bauingenieurwesens mit Vertiefung Informatik an der Technischen Hochschule Leipzig\"\n               data-src=\"https:\/\/www.teske-schwiede.de\/wp-content\/gallery\/team\/Joerg_klein.jpg\"\n               data-thumbnail=\"https:\/\/www.teske-schwiede.de\/wp-content\/gallery\/team\/thumbs\/thumbs_Joerg_klein.jpg\"\n               data-image-id=\"171\"\n               data-title=\"J\u00f6rg Sawatzki\"\n               data-description=\"Dipl.- Ing. (TH) J\u00f6rg Sawatzki, B\u00fcroleiter, Studium des Bauingenieurwesens mit Vertiefung Informatik an der Technischen Hochschule Leipzig\"\n               data-image-slug=\"joerg_klein\"\n               class=\"ngg-fancybox\" rel=\"b3b3cd4ac5b9dece1e54749f0385afeb\">\n                <img\n                    title=\"J\u00f6rg Sawatzki\"\n                    alt=\"J\u00f6rg Sawatzki\"\n                    src=\"https:\/\/www.teske-schwiede.de\/wp-content\/gallery\/team\/thumbs\/thumbs_Joerg_klein.jpg\"\n                    width=\"120\"\n                    height=\"90\"\n                    style=\"max-width:100%;\"\n                \/>\n            <\/a>\n        <\/div>\n\t\t\t\t\t\t\t<\/div> \n\t\t\t\n        \n\t\t\t\t<div id=\"ngg-image-3\" class=\"ngg-gallery-thumbnail-box\" >\n\t\t\t\t        <div class=\"ngg-gallery-thumbnail\">\n            <a href=\"https:\/\/www.teske-schwiede.de\/wp-content\/gallery\/team\/Helga2-1.jpg\"\n               title=\"Dipl.- Ing. Helga Balke, kaufm\u00e4nnische Ausbildung zur Substitutin, Studium der Architektur (TU)\"\n               data-src=\"https:\/\/www.teske-schwiede.de\/wp-content\/gallery\/team\/Helga2-1.jpg\"\n               data-thumbnail=\"https:\/\/www.teske-schwiede.de\/wp-content\/gallery\/team\/thumbs\/thumbs_Helga2-1.jpg\"\n               data-image-id=\"124\"\n               data-title=\"Helga Balke\"\n               data-description=\"Dipl.- Ing. Helga Balke, kaufm\u00e4nnische Ausbildung zur Substitutin, Studium der Architektur (TU)\"\n               data-image-slug=\"helga2-1\"\n               class=\"ngg-fancybox\" rel=\"b3b3cd4ac5b9dece1e54749f0385afeb\">\n                <img\n                    title=\"Helga Balke\"\n                    alt=\"Helga Balke\"\n                    src=\"https:\/\/www.teske-schwiede.de\/wp-content\/gallery\/team\/thumbs\/thumbs_Helga2-1.jpg\"\n                    width=\"120\"\n                    height=\"90\"\n                    style=\"max-width:100%;\"\n                \/>\n            <\/a>\n        <\/div>\n\t\t\t\t\t\t\t<\/div> \n\t\t\t\n        \n\t\t\t\t<div id=\"ngg-image-4\" class=\"ngg-gallery-thumbnail-box\" >\n\t\t\t\t        <div class=\"ngg-gallery-thumbnail\">\n            <a href=\"https:\/\/www.teske-schwiede.de\/wp-content\/gallery\/team\/Joachim_Haimberger-1.jpg\"\n               title=\"Joachim Haimberger geb. in Saanichton BC (CAN) Bauzeichner + Geb\u00e4udeenergieberater\"\n               data-src=\"https:\/\/www.teske-schwiede.de\/wp-content\/gallery\/team\/Joachim_Haimberger-1.jpg\"\n               data-thumbnail=\"https:\/\/www.teske-schwiede.de\/wp-content\/gallery\/team\/thumbs\/thumbs_Joachim_Haimberger-1.jpg\"\n               data-image-id=\"168\"\n               data-title=\"Joachim Haimberger\"\n               data-description=\"Joachim Haimberger geb. in Saanichton BC (CAN) Bauzeichner + Geb\u00e4udeenergieberater\"\n               data-image-slug=\"joachim_haimberger-1\"\n               class=\"ngg-fancybox\" rel=\"b3b3cd4ac5b9dece1e54749f0385afeb\">\n                <img\n                    title=\"Joachim Haimberger\"\n                    alt=\"Joachim Haimberger\"\n                    src=\"https:\/\/www.teske-schwiede.de\/wp-content\/gallery\/team\/thumbs\/thumbs_Joachim_Haimberger-1.jpg\"\n                    width=\"120\"\n                    height=\"90\"\n                    style=\"max-width:100%;\"\n                \/>\n            <\/a>\n        <\/div>\n\t\t\t\t\t\t\t<\/div> \n\t\t\t\n        \n\t\t\t\t<div id=\"ngg-image-5\" class=\"ngg-gallery-thumbnail-box\" >\n\t\t\t\t        <div class=\"ngg-gallery-thumbnail\">\n            <a href=\"https:\/\/www.teske-schwiede.de\/wp-content\/gallery\/team\/Kjell.jpg\"\n               title=\"Dipl. -Ing. Kjell Teske Studium der Architektur In Berlin (UDK), Weiterbildung zum Mediendesigner\"\n               data-src=\"https:\/\/www.teske-schwiede.de\/wp-content\/gallery\/team\/Kjell.jpg\"\n               data-thumbnail=\"https:\/\/www.teske-schwiede.de\/wp-content\/gallery\/team\/thumbs\/thumbs_Kjell.jpg\"\n               data-image-id=\"239\"\n               data-title=\"Kjell Teske\"\n               data-description=\"Dipl. -Ing. Kjell Teske Studium der Architektur In Berlin (UDK), Weiterbildung zum Mediendesigner\"\n               data-image-slug=\"kjell\"\n               class=\"ngg-fancybox\" rel=\"b3b3cd4ac5b9dece1e54749f0385afeb\">\n                <img\n                    title=\"Kjell Teske\"\n                    alt=\"Kjell Teske\"\n                    src=\"https:\/\/www.teske-schwiede.de\/wp-content\/gallery\/team\/thumbs\/thumbs_Kjell.jpg\"\n                    width=\"120\"\n                    height=\"90\"\n                    style=\"max-width:100%;\"\n                \/>\n            <\/a>\n        <\/div>\n\t\t\t\t\t\t\t<\/div> \n\t\t\t\n        \n\t\t\t\t<div id=\"ngg-image-6\" class=\"ngg-gallery-thumbnail-box\" >\n\t\t\t\t        <div class=\"ngg-gallery-thumbnail\">\n            <a href=\"https:\/\/www.teske-schwiede.de\/wp-content\/gallery\/team\/JO_4.jpg\"\n               title=\"Johanna Teske, M.Sc.  Architektur\"\n               data-src=\"https:\/\/www.teske-schwiede.de\/wp-content\/gallery\/team\/JO_4.jpg\"\n               data-thumbnail=\"https:\/\/www.teske-schwiede.de\/wp-content\/gallery\/team\/thumbs\/thumbs_JO_4.jpg\"\n               data-image-id=\"572\"\n               data-title=\"Johanna Teske\"\n               data-description=\"Johanna Teske, M.Sc.  Architektur\"\n               data-image-slug=\"jo_4\"\n               class=\"ngg-fancybox\" rel=\"b3b3cd4ac5b9dece1e54749f0385afeb\">\n                <img\n                    title=\"Johanna Teske\"\n                    alt=\"Johanna Teske\"\n                    src=\"https:\/\/www.teske-schwiede.de\/wp-content\/gallery\/team\/thumbs\/thumbs_JO_4.jpg\"\n                    width=\"120\"\n                    height=\"90\"\n                    style=\"max-width:100%;\"\n                \/>\n            <\/a>\n        <\/div>\n\t\t\t\t\t\t\t<\/div> \n\t\t\t\n        \n\t\t\t\t<div id=\"ngg-image-7\" class=\"ngg-gallery-thumbnail-box\" >\n\t\t\t\t        <div class=\"ngg-gallery-thumbnail\">\n            <a href=\"https:\/\/www.teske-schwiede.de\/wp-content\/gallery\/team\/marie2.jpg\"\n               title=\"Marie Rose M.Sc.  Architektur\"\n               data-src=\"https:\/\/www.teske-schwiede.de\/wp-content\/gallery\/team\/marie2.jpg\"\n               data-thumbnail=\"https:\/\/www.teske-schwiede.de\/wp-content\/gallery\/team\/thumbs\/thumbs_marie2.jpg\"\n               data-image-id=\"573\"\n               data-title=\"Marie Rose\"\n               data-description=\"Marie Rose M.Sc.  Architektur\"\n               data-image-slug=\"marie2\"\n               class=\"ngg-fancybox\" rel=\"b3b3cd4ac5b9dece1e54749f0385afeb\">\n                <img\n                    title=\"Marie Rose\"\n                    alt=\"Marie Rose\"\n                    src=\"https:\/\/www.teske-schwiede.de\/wp-content\/gallery\/team\/thumbs\/thumbs_marie2.jpg\"\n                    width=\"120\"\n                    height=\"90\"\n                    style=\"max-width:100%;\"\n                \/>\n            <\/a>\n        <\/div>\n\t\t\t\t\t\t\t<\/div> \n\t\t\t\n        \n\t\t\t\t<div id=\"ngg-image-8\" class=\"ngg-gallery-thumbnail-box\" >\n\t\t\t\t        <div class=\"ngg-gallery-thumbnail\">\n            <a href=\"https:\/\/www.teske-schwiede.de\/wp-content\/gallery\/team\/Theresa_2.jpg\"\n               title=\"Theresa Teske Sachbearbeiterin\"\n               data-src=\"https:\/\/www.teske-schwiede.de\/wp-content\/gallery\/team\/Theresa_2.jpg\"\n               data-thumbnail=\"https:\/\/www.teske-schwiede.de\/wp-content\/gallery\/team\/thumbs\/thumbs_Theresa_2.jpg\"\n               data-image-id=\"578\"\n               data-title=\"Theresa Teske\"\n               data-description=\"Theresa Teske Sachbearbeiterin\"\n               data-image-slug=\"theresa_2\"\n               class=\"ngg-fancybox\" rel=\"b3b3cd4ac5b9dece1e54749f0385afeb\">\n                <img\n                    title=\"Theresa Teske\"\n                    alt=\"Theresa Teske\"\n                    src=\"https:\/\/www.teske-schwiede.de\/wp-content\/gallery\/team\/thumbs\/thumbs_Theresa_2.jpg\"\n                    width=\"120\"\n                    height=\"90\"\n                    style=\"max-width:100%;\"\n                \/>\n            <\/a>\n        <\/div>\n\t\t\t\t\t\t\t<\/div> \n\t\t\t\n        \n\t\t\n\t\t<!-- Pagination -->\n\t<div class='ngg-clear'><\/div>\t<\/div>\n\n","protected":false},"excerpt":{"rendered":"<p>&#8221; order_by=&#8221;sortorder&#8221; order_direction=&#8221;ASC&#8221; returns=&#8221;included&#8221; maximum_entity_count=&#8221;500&#8243;]<\/p>\n","protected":false},"author":1,"featured_media":0,"parent":0,"menu_order":0,"comment_status":"closed","ping_status":"open","template":"","meta":{"ngg_post_thumbnail":0},"_links":{"self":[{"href":"https:\/\/www.teske-schwiede.de\/index.php?rest_route=\/wp\/v2\/pages\/26"}],"collection":[{"href":"https:\/\/www.teske-schwiede.de\/index.php?rest_route=\/wp\/v2\/pages"}],"about":[{"href":"https:\/\/www.teske-schwiede.de\/index.php?rest_route=\/wp\/v2\/types\/page"}],"author":[{"embeddable":true,"href":"https:\/\/www.teske-schwiede.de\/index.php?rest_route=\/wp\/v2\/users\/1"}],"replies":[{"embeddable":true,"href":"https:\/\/www.teske-schwiede.de\/index.php?rest_route=%2Fwp%2Fv2%2Fcomments&post=26"}],"version-history":[{"count":22,"href":"https:\/\/www.teske-schwiede.de\/index.php?rest_route=\/wp\/v2\/pages\/26\/revisions"}],"predecessor-version":[{"id":2716,"href":"https:\/\/www.teske-schwiede.de\/index.php?rest_route=\/wp\/v2\/pages\/26\/revisions\/2716"}],"wp:attachment":[{"href":"https:\/\/www.teske-schwiede.de\/index.php?rest_route=%2Fwp%2Fv2%2Fmedia&parent=26"}],"curies":[{"name":"wp","href":"https:\/\/api.w.org\/{rel}","templated":true}]}}