{"id":30,"date":"2014-08-28T21:08:04","date_gmt":"2014-08-28T19:08:04","guid":{"rendered":"http:\/\/www.teske-schwiede.de\/?page_id=30"},"modified":"2020-08-17T11:14:35","modified_gmt":"2020-08-17T09:14:35","slug":"architektenleistungen","status":"publish","type":"page","link":"https:\/\/www.teske-schwiede.de\/?page_id=30","title":{"rendered":"Architektenleistungen"},"content":{"rendered":"<p>Wir erbringen f\u00fcr Sie alle &#8220;klassischen&#8221; Architektenleistungen:<\/p>\n<p>&nbsp;<\/p>\n<ul>\n<li>Entwurfsplanungen<\/li>\n<li>Genehmigungsplanungen<\/li>\n<li>Ausf\u00fchrungsplanungen<\/li>\n<li>Erstellen von Ausschreibungen und Abrechnung von Bauleistungen<\/li>\n<li>Mitwirkung bei Vergaben<\/li>\n<li>Objekt\u00fcberwachung<\/li>\n<\/ul>\n<p>&nbsp;<\/p>\n<p>dar\u00fcber hinaus unterst\u00fctzen wir Sie bei der:<\/p>\n<p>&nbsp;<\/p>\n<ul>\n<li>Entwicklung von Nutzungskonzepten<\/li>\n<li>Pr\u00fcfung der Wirtschaftlichkeit geplanter Bauma\u00dfnahmen<\/li>\n<li>Entwicklung von Sanierungskonzepten<\/li>\n<li>Suche nach einem geeigneten Grundst\u00fcck<\/li>\n<li>F\u00f6rdermittelbeantragung und -abrechnung<\/li>\n<li>Erstellung von Abgeschlossenheitserkl\u00e4rungen<\/li>\n<\/ul>\n<p>&nbsp;<\/p>\n<p>&nbsp;<\/p>\n","protected":false},"excerpt":{"rendered":"<p>Wir erbringen f\u00fcr Sie alle &#8220;klassischen&#8221; Architektenleistungen: &nbsp; Entwurfsplanungen Genehmigungsplanungen Ausf\u00fchrungsplanungen Erstellen von Ausschreibungen und Abrechnung von Bauleistungen Mitwirkung bei Vergaben Objekt\u00fcberwachung &nbsp; dar\u00fcber hinaus unterst\u00fctzen wir Sie bei der: &nbsp; Entwicklung von Nutzungskonzepten Pr\u00fcfung der Wirtschaftlichkeit geplanter Bauma\u00dfnahmen Entwicklung von Sanierungskonzepten Suche nach einem geeigneten Grundst\u00fcck F\u00f6rdermittelbeantragung und -abrechnung Erstellung von Abgeschlossenheitserkl\u00e4rungen &nbsp; &nbsp;<\/p>\n","protected":false},"author":1,"featured_media":0,"parent":0,"menu_order":0,"comment_status":"closed","ping_status":"open","template":"","meta":{"ngg_post_thumbnail":0},"_links":{"self":[{"href":"https:\/\/www.teske-schwiede.de\/index.php?rest_route=\/wp\/v2\/pages\/30"}],"collection":[{"href":"https:\/\/www.teske-schwiede.de\/index.php?rest_route=\/wp\/v2\/pages"}],"about":[{"href":"https:\/\/www.teske-schwiede.de\/index.php?rest_route=\/wp\/v2\/types\/page"}],"author":[{"embeddable":true,"href":"https:\/\/www.teske-schwiede.de\/index.php?rest_route=\/wp\/v2\/users\/1"}],"replies":[{"embeddable":true,"href":"https:\/\/www.teske-schwiede.de\/index.php?rest_route=%2Fwp%2Fv2%2Fcomments&post=30"}],"version-history":[{"count":6,"href":"https:\/\/www.teske-schwiede.de\/index.php?rest_route=\/wp\/v2\/pages\/30\/revisions"}],"predecessor-version":[{"id":2983,"href":"https:\/\/www.teske-schwiede.de\/index.php?rest_route=\/wp\/v2\/pages\/30\/revisions\/2983"}],"wp:attachment":[{"href":"https:\/\/www.teske-schwiede.de\/index.php?rest_route=%2Fwp%2Fv2%2Fmedia&parent=30"}],"curies":[{"name":"wp","href":"https:\/\/api.w.org\/{rel}","templated":true}]}}